(u). Give l(-7).
7
Let x(z) = 3*z - 3. Let g be x(3). Suppose o - g*o + 5*l = 15, 2*o = l - 2. Let f(v) = -8*v**2 - v + 1. Calculate f(o).
-8
Let i = 74 + -79. Let x(j) be the third derivative of -j**2 + 0*j - 1/2*j**3 + 1/12*j**5 + 1/120*j**6 - 1/12*j**4 + 0. Give x(i).
7
Let p(m) = m**2 + 21*m - 4. Let s be p(-21). Let x(q) be the first derivative of 1/4*q**4 - 2 + 4/3*q**3 - 4*q - 1/2*q**2. What is x(s)?
0
Let z(g) = -g. Suppose 3*w = 22 - 7. Suppose w*d + 4*j + 28 = -7, 3*d - 16 = 5*j. Determine z(d).
3
Let i(p) be the third derivative of p**4/24 - p**3 - 3*p**2. Give i(5).
-1
Let o = 24 - 35. Let y = o - -18. Let i = 3 - y. Let s(g) = g**3 + 4*g**2 + 3*g + 5. Determine s(i).
-7
Let t be -1 - (-1 - (-1 + 0)). Let r(g) be the third derivative of -g**6/30 - g**3/6 - 55*g**2 + 2. What is r(t)?
3
Suppose -2*z + 23 = 3*y - 22, -5*y + 75 = 3*z. Suppose m + 8 = -4*k - 5, y = -3*m. Let n(w) = -2*w**3 - w**2 + 4*w + 3. Determine n(k).
7
Suppose 2*x - 2*t - 6 = 0, x = 5*t - 0*t + 3. Suppose -b + 10 = 3*g, 0 = x*g - 9 - 3. Let z(m) = m**3 - 3 - 3*m + m**2 + 0*m**3 + m. Calculate z(b).
-3
Let z(u) = 1. Let t(b) = -4*b + 4. Suppose d + y - 9 = -d, 5*d = -y + 18. Let c(x) = d*z(x) - t(x). Give c(-2).
-9
Suppose -5*g + 25 = -o, -o - 4*g + 8 + 12 = 0. Let t(f) = -f + 4. Give t(o).
4
Let o(d) = 6*d**2 + d + 1. Let g(t) = t**3 + t - 1. Let m = 9 + -8. Let r be g(m). Suppose 5*q + 6 = r. What is o(q)?
6
Suppose 0 = -2*a - 4 + 16. Let s(n) = n**3 - 7*n**2 + 6*n + 2. Calculate s(a).
2
Let f(p) be the third derivative of -p**7/5040 - p**6/240 - p**5/60 + p**2. Let i(a) be the third derivative of f(a). Suppose 2*s - 9 = -s. What is i(s)?
-6
Suppose 2*y + u = 0, 0*u + 7 = 5*y - u. Let q be y - (0 + -2 + 1). Let n(r) = -2*r - 2 - r**3 - q*r**2 + 0*r**3 - r. Determine n(-2).
4
Suppose -5*y - 41 = 4*l, 2*y - y - 5*l - 15 = 0. Let j(c) = 1. Let a(u) = 2*u + 5. Suppose -3 = -5*d + 7. Let g(b) = d*j(b) - a(b). What is g(y)?
7
Let h(i) = 2*i**2 - 4*i + 3. Let l be 1 + 1 + (-8)/4. Suppose -2*r = 2*b + r + 16, -3*b - 2*r - 19 = l. Let x be 2/5 + (-13)/b. What is h(x)?
9
Let t be (-1)/(-4) + (-38)/(-8). Suppose 29*v + 4 = 27*v. Let o = t + v. Let w(h) = h - 7. Calculate w(o).
-4
Let t(r) = -r**2 - 7*r - 4. Let m(z) be the first derivative of -5*z**3/3 - 35*z**2/2 - 20*z - 3. Let l(x) = 2*m(x) - 11*t(x). What is l(-4)?
-8
Let x(p) = -7*p**2 + p + 3. Let j(a) = -a**2 + 1. Let h(y) = -3*j(y) + x(y). Give h(2).
-14
Let x be (-1)/(-4 - 3/(-1)). Let g(a) = -2*a + a - 3 + x. Calculate g(-4).
2
Suppose 4*a - 11 = -5*j, 2*a = -j + 3*a + 4. Suppose 2*y = -j*y. Let l(h) = h**3 + h + 1. Give l(y).
1
Let l(f) be the third derivative of f**4/24 - 3*f**3/2 - 5*f**2. Give l(0).
-9
Let z be (-2)/(-7) - (-141)/21. Let k(q) = -5 - q**3 - 5*q**2 - 6*q + 2*q**3 - 2*q + z. Determine k(6).
-10
Let m(i) be the first derivative of -i**3/3 - i**2/2 - 4*i - 9. Calculate m(-4).
-16
Let y(h) be the second derivative of -h**5/20 + h**4/4 + 5*h**3/6 - 3*h**2 + 2*h. Let d be (-4)/14 - 424/(-14). Let g be (2/(-5))/((-3)/d). Calculate y(g).
-2
Suppose 0 = 5*q - 3 - 2, 5*s - 26 = -q. Let h(l) = -2*l + 3*l + 4 + 0 - 11. What is h(s)?
-2
Let f(m) = -5 - 4*m + 25 - 6 - 10. Suppose -2*y - c + 1 + 6 = 0, -3*c - 3 = 0. Suppose y*j = j + 9. Give f(j).
-8
Let p(j) = -j**2 - 8*j + 3. Let b(l) = l**2 + 7*l + 4. Let w be b(-3). Let r be p(w). Let x(i) = i + 2 + i**3 - r*i**2 + 0*i**2 - 3*i**3. What is x(-2)?
4
Suppose 2*c + 3*t = -11, 29 = 2*c - 5*t - 0. Let x(u) = -1 - 6*u**2 + 2*u**2 - 4*u**c - 2*u. What is x(-1)?
-7
Let w(u) be the second derivative of -u**2 + 5/6*u**3 + 0 + 1/24*u**4 - 1/120*u**6 + u + 0*u**5. Let g(a) be the first derivative of w(a). What is g(0)?
5
Let r = 5 - 2. Let h(l) = 2*l + 0*l - r*l + 5. Let y be 0/(2/(-3)*-3). What is h(y)?
5
Let d(p) be the third derivative of -5*p**4/24 + p**3/6 - 8*p**2. Calculate d(4).
-19
Let s(p) be the second derivative of -p**7/420 - p**6/180 + p**5/40 + p**4/8 + p**3/2 + 3*p. Let l(n) be the second derivative of s(n). Give l(-2).
5
Let r(g) = -4*g**2 + g + 13*g**2 + 6 - 8*g**2. Let s(a) = -a**2 - 2*a - 5. Let k(t) = -3*r(t) - 4*s(t). Determine k(-4).
-2
Let z be 1*2/(-3)*-3. Let c(y) = -13*y + 22. Let t(i) = -7*i + 12. Let w(h) = -6*c(h) + 11*t(h). Give w(z).
2
Let n(o) = o - 1. Let v(d) = -d + 4. Let r be v(4). Suppose -5*m + 4 + 5 = 4*i, -4*i - 4*m + 8 = 0. Let h = r - i. Determine n(h).
-2
Let b(z) be the first derivative of 3*z**2/2 + 5*z + 1. Let s(t) = t**2 - 6*t + 4. Let v be s(4). Give b(v).
-7
Let o(z) = z**2 - 6*z - 6. Let x be (2/(-1))/(-1) - -5. Calculate o(x).
1
Let n(r) = -2*r**2 - 3*r + 3. Let x = -6 - -8. Give n(x).
-11
Let v(d) = 6 - d**2 + 2*d - 2*d + 4*d. Suppose 4*g - 8 - 16 = 0. Give v(g).
-6
Let q(c) = 4*c**2 - 8*c + 2. Let u(g) = 6*g**2 + 3 - 8*g - g**2 - g. Let o(s) = 6*q(s) - 5*u(s). Suppose 4*z + 9 = z. Calculate o(z).
-3
Let i(g) = -g - 8. Let y(d) = d**3 - 11*d**2 - 10*d - 7. Let p be y(12). Suppose x + 5 = -a, 3*a + 6*x + p = x. Calculate i(a).
-4
Let t(f) be the third derivative of f**4/24 - 2*f**3/3 + 2*f**2. Let r(m) = 2*m + 6. Let x be r(-9). Let s = 14 + x. What is t(s)?
-2
Let q(r) = 3*r + 10. Let k(s) = -s + 2 - 1 - 4. Let a(z) = z**3 + 3*z**2 + 2*z + 4. Let v be a(-3). Let h(o) = v*q(o) - 7*k(o). What is h(1)?
2
Suppose 2*s - 2*g = 14, 3 + 10 = 2*s - g. Let f(q) be the first derivative of -q**4/4 + 7*q**3/3 - 3*q**2 + 2*q + 26. Calculate f(s).
2
Let i be (3 - -2) + 1 + 0. Let o = 6 - i. Let h(m) = -m + 3. Determine h(o).
3
Let u be 50/6 + 5/(-15). Let z(v) = -v**3 + 9*v**2 - 8*v + 6. What is z(u)?
6
Suppose -3*j = -4*j + 5*u - 7, 0 = -3*j - 2*u + 13. Suppose j*p - 4*f - 12 = 5*p, 5*f = -20. Let z(t) = -2*t**2 + 7*t - 7*t. Give z(p).
-8
Let h(b) = -10*b**2 - 14*b - 10. Let x(i) = -i + 1. Let k(q) = h(q) - 6*x(q). Let a(v) = 3*v**2 + 3*v + 5. Let p(f) = -7*a(f) - 2*k(f). Determine p(-5).
-3
Let b(u) = u + 0*u - 1 - 3*u + 4. Let q(h) = -h**3 + 10*h**2 - h + 12. Suppose 5*t + 0*f - 25 = 5*f, -75 = -5*t - 5*f. Let w be q(t). Give b(w).
-1
Suppose 0 = 2*c - 2, -3*l = -3*c + c - 4. Let x(n) = -1 + l*n + 2 + 2. Determine x(-5).
-7
Let x be (26/(-4) - 1)*-2. Suppose -3*l = 0, l - 5 = -2*u - x. Let n(z) = z + 7. Calculate n(u).
2
Let j(s) = 4*s**3 + 6*s**2 + 5*s. Suppose 2*l = -0*l + 6. Let t(p) = -5*p**3 - 7*p**2 - 6*p - 1. Let f(a) = l*t(a) + 4*j(a). What is f(-3)?
-9
Let z(g) = -g**2 - 2*g - 1. Suppose -4*o + 0*o + 60 = -4*k, 0 = -k + 2*o - 20. Let a(t) = t**2 + 10*t - 3. Let i be a(k). Determine z(i).
-4
Let y(t) be the second derivative of t**5/20 + t**4/12 - t**3/6 + 2*t. Suppose -4*g + c = 0, -g - 2*g - 2*c = 0. Calculate y(g).
0
Let f(v) = 0*v - 2*v + 3*v - 2*v**3 + 2*v**2. Let g be f(-1). Let k(y) = 2*y + 3*y - g*y. Determine k(-1).
-2
Let r = -116 - -118. Let t(q) be the first derivative of -1 + 1/4*q**4 - q - q**2 - 2/3*q**3. What is t(r)?
-5
Let h(r) = -r**3 - 8*r**2 + 9. Suppose -2*y - 5*y - 56 = 0. Determine h(y).
9
Suppose 4 = y - 3. Let l(x) = -x. Let i(w) = w**3 - 8*w**2 + 11*w. Let d(a) = -i(a) - 5*l(a). Calculate d(y).
7
Let y(j) = -4*j + 1. Suppose -20 = 6*t - 2*t. What is y(t)?
21
Let a(m) = -6*m + 4*m + 3 + m + 2*m**2 + m**3. Suppose 2*d - 14 = -g - 4*g, d - g + 7 = 0. Determine a(d).
-3
Let x(g) = -g + 9. Let h(w) = -w - 10. Let l be h(-8). Let t be l + (-1 - (-1 - 6)). Give x(t).
5
Let y(n) = -n - 7. Let g be ((-119)/(-7) + -2)*(-1)/3. What is y(g)?
-2
Let h(t) = t**2. Let a(v) = -3*v**2 - 6*v - 1. Let q(j) = a(j) + 2*h(j). What is q(-3)?
8
Suppose 3*a + 18 = 39. Let g = -9 + a. Let b(s) = -s**3 - s. Give b(g).
10
Let h be (-1)/1*(1 + 0). Let x be 6/(-21) - 16/(-7). Let n(z) = -x*z**3 + 1 + z + z**3 + z. Give n(h).
0
Let c = 11 + -8. Let q(s) = 2*s + c - 5 + 1. Determine q(3).
5
Let r(u) = u**3 + 4*u**2 + 6*u - 5. Let o(x) = 2*x**3 + 5*x**2 + 6*x - 5. Let y(l) = -2*o(l) + 3*r(l). Calculate y(4).
-13
Let p(j) be the second derivative of j**4/12 - 2*j**3/3 - j**2/2 - 5*j. Calculate p(3).
-4
Let j = 6 - -9. Let z be j/6 + 3/2. Let p(d) = -d + 8. Give p(z).
4
Let j(o) = o**2 - 3*o - 5. Suppose q - 1 = 3. What is j(q)?
-1
Let t(p) = -p**2 - 6*p - 4. Let k(z) = 5*z**2 + 23*z + 16. Let u(n) = 2*k(n) + 9*t(n). Give u(6).
-16
Let b(n) be the first derivative of n**5/60 - n**4/12 - n**3/6 + 2*n**2 + 6. Let c(g) be th